or of 756 and 105188?
4
Calculate the highest common factor of 42883875 and 3375.
1125
What is the greatest common factor of 43164 and 9193536?
396
What is the highest common factor of 14150 and 194975?
25
What is the highest common factor of 1272816 and 600?
24
What is the highest common divisor of 155456 and 4999232?
448
Calculate the highest common divisor of 10536 and 130148574.
2634
What is the greatest common divisor of 25725 and 2405075?
25
Calculate the highest common factor of 2194 and 552471140.
2194
What is the highest common factor of 55902 and 19470?
66
What is the highest common factor of 6018 and 3172902?
354
What is the highest common divisor of 711 and 24471?
9
Calculate the greatest common factor of 87309675 and 76995.
2655
Calculate the greatest common factor of 583660 and 264572.
308
Calculate the greatest common factor of 778 and 5414102.
778
Calculate the highest common divisor of 13742978 and 478.
478
Calculate the highest common divisor of 6321 and 1993824.
903
What is the highest common factor of 8254 and 25467717?
4127
Calculate the greatest common divisor of 3825 and 940575.
75
Calculate the highest common factor of 4620 and 5651835.
105
What is the highest common factor of 11390562 and 1044?
522
Calculate the highest common divisor of 168 and 112008.
24
Calculate the greatest common factor of 2128 and 6540142.
266
What is the highest common divisor of 1487596 and 242?
22
What is the greatest common divisor of 609 and 1103529?
21
Calculate the highest common factor of 256 and 731968.
64
What is the greatest common factor of 151908 and 324?
12
Calculate the greatest common divisor of 151094875 and 50.
25
Calculate the highest common divisor of 8 and 5650954.
2
Calculate the greatest common divisor of 1875 and 236715.
15
Calculate the highest common factor of 26 and 728834.
2
What is the greatest common divisor of 324 and 3262230?
18
What is the highest common divisor of 3380906 and 260320?
3254
Calculate the highest common divisor of 16345 and 2169215.
2335
Calculate the greatest common divisor of 1388 and 16454740.
1388
Calculate the greatest common factor of 15435 and 28064211.
147
What is the greatest common factor of 80 and 29881936?
16
Calculate the highest common divisor of 2848 and 80800.
32
Calculate the highest common factor of 826 and 32877809.
59
What is the greatest common factor of 2670 and 371370?
30
What is the greatest common factor of 702689 and 6226?
283
Calculate the highest common factor of 689210 and 8815.
205
Calculate the highest common factor of 25686322 and 176062.
3746
What is the highest common factor of 520 and 31712560?
40
Calculate the highest common divisor of 22139 and 51483.
131
What is the greatest common factor of 13941628 and 61372?
268
What is the highest common divisor of 931 and 191584372?
133
Calculate the greatest common factor of 2286 and 1259840.
254
Calculate the highest common factor of 70 and 5155206.
14
What is the highest common factor of 318 and 14434709?
53
What is the greatest common factor of 656 and 162628796?
164
Calculate the greatest common divisor of 4400 and 1907950.
550
What is the highest common divisor of 17805195 and 630?
45
Calculate the greatest common divisor of 328 and 3481433.
41
What is the highest common divisor of 1031 and 248263769?
1031
Calculate the greatest common divisor of 644 and 780689.
161
What is the greatest common factor of 76 and 4991471?
19
Calculate the highest common factor of 13860 and 3220.
140
What is the greatest common factor of 22337569 and 145?
29
What is the highest common factor of 54672 and 244698?
102
Calculate the greatest common divisor of 5737370 and 18.
2
Calculate the greatest common divisor of 1002142 and 18758.
166
Calculate the highest common factor of 1296630 and 1860.
30
What is the highest common divisor of 1716225 and 294?
147
What is the greatest common divisor of 434621308 and 556?
556
Calculate the highest common factor of 9154803 and 1659.
21
What is the highest common divisor of 560 and 1023610?
70
What is the highest common divisor of 13 and 1789304543?
13
Calculate the greatest common divisor of 48881637 and 243.
243
Calculate the greatest common divisor of 17195110 and 3818.
166
What is the greatest common divisor of 158 and 819278743?
79
What is the greatest common factor of 24271 and 3571571?
1867
What is the greatest common divisor of 532 and 42026651?
19
What is the highest common divisor of 5137 and 9956441?
11
What is the greatest common divisor of 31354 and 7678646?
514
What is the greatest common divisor of 56816 and 70736?
16
Calculate the greatest common divisor of 964467600 and 45.
15
What is the highest common divisor of 75407 and 1?
1
What is the greatest common factor of 45836 and 8822?
2
Calculate the highest common divisor of 17262897 and 2373.
339
Calculate the greatest common factor of 68787352 and 40.
8
Calculate the highest common divisor of 5544 and 1386.
1386
What is the highest common divisor of 263261 and 15375?
41
Calculate the highest common factor of 17801621 and 58.
29
What is the greatest common divisor of 2976190 and 21182?
238
Calculate the greatest common divisor of 1439020 and 49585.
1055
Calculate the greatest common divisor of 493 and 443717.
17
What is the greatest common factor of 1168332 and 660?
132
Calculate the greatest common divisor of 35940 and 762360.
60
Calculate the greatest common factor of 4794258 and 10074.
138
What is the highest common divisor of 363 and 2049564?
33
What is the greatest common divisor of 16036069 and 6414?
1069
Calculate the greatest common divisor of 4096004 and 4064.
508
What is the highest common divisor of 21457 and 2686616?
499
What is the greatest common divisor of 38432820 and 132?
12
What is the greatest common divisor of 8996 and 4138852?
692
Calculate the greatest common factor of 1833 and 214773.
39
Calculate the highest common factor of 1049 and 56072197.
1049
Calculate the greatest common divisor of 7198786 and 551.
29
Calculate the highest common divisor of 217377 and 3085182.
2619
Calculate the greatest common divisor of 2591082 and 3510.
702
Calculate the greatest common divisor of 10740555 and 11025.
2205
Calculate the highest common divisor of 759 and 170138452.
253
Calculate the greatest common factor of 67750 and 14140238.
542
Calculate the highest common factor of 126 and 1617658.
14
Calculate the greatest common divisor of 240696 and 6336.
72
What is the greatest common factor of 153957 and 556187?
1387
Calculate the highest common factor of 731538 and 280922.
1426
What is the greatest common factor of 2594956 and 8164?
52
Calculate the highest common factor of 5177 and 6841155.
167
Calculate the highest common divisor of 1504002 and 10482984.
9006
Calculate the greatest common divisor of 3477677 and 10976.
343
What is the greatest common factor of 2198104712 and 16?
8
Calculate the highest common factor of 6 and 262365783.
3
Calculate the highest common factor of 442 and 309088.
26
Calculate the greatest common divisor of 1639092 and 367824.
948
Calculate the greatest common divisor of 719293246 and 18093.
6031
What is the highest common factor of 23 and 6133242261?
23
Calculate the highest common divisor of 807 and 37773249.
807
What is the highest common divisor of 48 and 1014856320?
48
Calculate the highest common divisor of 42244012 and 8300.
332
What is the highest common factor of 5400512520 and 13?
13
Calculate the greatest common divisor of 5173749 and 12915.
2583
What is the highest common factor of 490 and 6209378?
98
Calculate the greatest common factor of 676 and 4573738.
26
What is the greatest common divisor of 157455 and 12945?
15
What is the greatest common factor of 2150 and 2210114?
86
What is the highest common divisor of 206 and 1319430?
206
Calculate the highest common factor of 2411032 and 8924.
388
What is the greatest common divisor of 288112261 and 67?
67
What is the greatest common divisor of 44064 and 14568?
24
What is the greatest common divisor of 721 and 914851?
7
Calculate the greatest common divisor of 444 and 69072525.
111
Calculate the greatest common divisor of 6466 and 1171671.
53
Calculate the highest common factor of 120 and 6579940.
20
What is the greatest common factor